(x). Let d be q(-18). What is the tens digit of (-3 - d)*(0 - 140/3)?
4
Let g(u) = 5*u**2 - 10. Let f be (-7)/(7/(-2)) + 8. Suppose 2*l - o = -11, 2*l + 5*o + f = -l. What is the hundreds digit of g(l)?
1
Let a = -50938 - -90585. What is the tens digit of a?
4
Suppose 0 = -55*w + 59*w - 48. Let p(s) = 20*s - 17. What is the units digit of p(w)?
3
Let m = 174 - 153. What is the units digit of ((-14)/m)/(-2 - 3848/(-1926))?
1
What is the thousands digit of (-4)/(-2)*(-80257)/(-34)?
4
Let n(z) = 3*z**2 - 32*z**3 - 46*z**3 + z - 4 + 90*z**3. Let o(x) = 11*x**3 + 3*x**2 + x - 3. Let g(s) = 2*n(s) - 3*o(s). What is the units digit of g(-1)?
8
Let n(s) = -s**3 - 14*s**2 - 51*s - 4. Let w be n(-6). Suppose w*p = 4*p + 3190. What is the hundreds digit of p?
3
Suppose 6928 = 2*z + 2*d, -9*d = -7*d - 8. Suppose 5*b = 5*n + z, -b + 700 = -0*b + n. What is the tens digit of b?
9
Suppose -5*f = -5*m + 16760, -308*m = -312*m + f + 13396. What is the thousands digit of m?
3
Let x(w) = -w**3 - 51*w**2 - 101*w - 159. Let o be x(-49). Let f = -124 + 88. What is the tens digit of f/o*89/3?
8
Let j(t) = -t**2 - 22*t - 17. Let m be j(-21). Suppose -3*d + 4*y = -621, 10 + 2 = -m*y. What is the tens digit of d?
0
What is the tens digit of 81558/(-4)*(1232/66)/(-28)?
9
Suppose 5*a + k = -1006, -4*a + a = 4*k + 607. Let r = a + -34. Let y = -136 - r. What is the tens digit of y?
9
Let m(w) be the second derivative of 37*w**4/12 - 5*w**3/2 - 65*w**2/2 - 126*w. What is the hundreds digit of m(-4)?
5
Let z(j) be the second derivative of -21*j**3/2 + 3*j**2/2 - 2*j + 53. What is the tens digit of z(-10)?
3
Suppose -162584 - 31938 = -38*z. What is the tens digit of z?
1
Suppose 40*c - 61*c = -168. Let j(l) = l**3 + 3*l**2 - l + 4. Let o be j(-3). Suppose -c*v + o*v + 144 = 0. What is the hundreds digit of v?
1
Let z(n) = -3*n**3 + 4*n**2 + 2*n - 8. Let k be z(2). What is the units digit of 6/k*1032*2/(-3)?
4
Let s(o) = o**3 - 5*o**2 + 5*o - 24. Let f be s(5). Suppose q = 3*g + 100, f = 3*g - 2. What is the hundreds digit of q?
1
Suppose 69*z - 90*z = -533127. What is the hundreds digit of z?
3
Suppose 692 = 3*s + 4*w, -10*w + 1105 = 5*s - 13*w. What is the tens digit of s?
2
Suppose 2 = -4*l - 6. Let z(x) = 44*x**2 + 46*x**2 - 69*x**2. What is the units digit of z(l)?
4
Let f(s) = -19*s**2 - 25*s + 54. Let v be f(11). Let r = -1780 - v. What is the hundreds digit of r?
7
Let s(f) = -4*f**3 - 11*f**2 - 12*f - 2. Let k be s(-1). Suppose 0 = -k*t + 2*q + 2601, 1939 - 205 = 2*t + q. What is the tens digit of t?
6
Let l(z) = z**2 - 10*z - 2*z - 6 - 12*z - z. What is the tens digit of l(32)?
1
Suppose 157*f - 1138007 = 20*f + 1173594. What is the thousands digit of f?
6
Let i(p) = -p**3 - 9*p**2 - 3*p - 18. Let z be 0/(3 + (-2 - 2)). Suppose 4*d - 4 = z, 6*j - 2*j = 5*d - 41. What is the units digit of i(j)?
9
Let u = 23934 - 12665. Suppose -17*l + u = 3670. What is the hundreds digit of l?
4
Suppose 3 = -3*x - k - 2*k, -3*x + 3*k = -15. Suppose 5*g + 5*r = 3*r + 758, -x*r + 608 = 4*g. What is the units digit of g?
0
Let a(q) = -11*q - 19*q - 25*q + 14*q**2 - 27 - 11*q**2. What is the hundreds digit of a(26)?
5
Let n = -307 - -307. Let z(k) = 74 - 3*k - 3*k + 2*k**2 + 6*k. What is the units digit of z(n)?
4
Suppose -2*d = 4*n - 5216 + 318, -2447 = -d - 4*n. What is the tens digit of d?
5
Suppose 220204 = 12*f - 220080 + 121924. What is the hundreds digit of f?
5
Let p(x) be the second derivative of 80*x**3/3 + 18*x**2 - 145*x. What is the units digit of p(1)?
6
Suppose -5*a - 3*z - 221 = 1215, 2*a + z + 575 = 0. Let r = -176 - a. Let s = r + -85. What is the units digit of s?
8
Let q = 111 + -166. Let c = -20 - q. Suppose 10 = 5*z - c. What is the units digit of z?
9
Suppose 80*r = -24*r + 1931280. What is the hundreds digit of r?
5
Let l(g) = -g**3 - 7*g**2 + 5*g + 15. Let t be 12/(-270)*5 + (-122)/18. Let o be l(t). Let s = o + 54. What is the units digit of s?
4
Suppose -3*z + 24 + 0 = 4*y, 12 = -3*z. Suppose 0 = -7*s + y*s - 10. Suppose 25 = -s*f + 1270. What is the hundreds digit of f?
2
Let b(c) = c**3 - 8*c**2 + 4*c - 31. Let l be b(8). Let a(x) = 290*x**3 - 2*x**2 + 4*x - 2. What is the units digit of a(l)?
0
Let x(p) = 75*p + 1. Let l be x(1). Suppose z = 4*t + l, 5*z + 2*t - 490 = -66. Let b = -42 + z. What is the tens digit of b?
4
What is the ten thousands digit of -9 + 4 + 3246/(-7)*(-672)/16?
1
Let f be (-59 + -1 - -1) + 153/(-51). Let z be (2 + (f - -1))/((-4)/(-8)). Let j = 168 + z. What is the tens digit of j?
5
What is the units digit of ((303 + 92)/(10/4))/(5/2005)?
8
Let o = 51453 + -29652. What is the hundreds digit of o?
8
Suppose 3*f + 673*b = 669*b + 46552, 3*b + 31046 = 2*f. What is the hundreds digit of f?
5
Let q be 1/(-9) - 2136/(-27). Suppose -t = 1 - 4, -q = 2*n + 3*t. Let v = 80 - n. What is the tens digit of v?
2
Suppose -w - 2*w = 4*l - 334, -5*l - 4*w = -418. Let x = -80 + l. Suppose -x*c + 192 = -c. What is the units digit of c?
2
Let q be 3 + 0 - -119 - (5 + -2). Suppose 8*y = 375 - q. Suppose y - 956 = -4*m - 4*a, -3*m + 661 = -5*a. What is the hundreds digit of m?
2
Let n = 587 + -571. What is the tens digit of -46*(-2 + 8/n)?
6
Let a(f) be the second derivative of -f**5/20 + 4*f**3/3 - 5*f**2/2 + 2*f + 136. What is the units digit of a(-4)?
7
Let t(m) = m - 62 + 7 - 64 + m**2 + 1. Let w be t(0). Let d = w - -209. What is the tens digit of d?
9
Suppose 4082*b - 4061*b = 172977. What is the tens digit of b?
3
Suppose 6*y + 505 = -413. Let m(f) = -8*f**2 + 4*f - 10. Let a be m(6). Let g = y - a. What is the units digit of g?
1
Let g = -6 + -1. Let y(f) = 2*f**2 + 8 + 5*f - 7 + 3 + 3*f - f. What is the units digit of y(g)?
3
Let g(l) = 51*l**3 - l**2 + 15*l - 150. What is the ten thousands digit of g(8)?
2
Suppose -3*i = -4*i - 3*b + 1366, -2*i - 4*b + 2726 = 0. Suppose -2*x = -4*f - 1028, -2*f - i = -5*x + 1213. What is the units digit of x?
4
Suppose 18*g = -15*g + 50*g - 189890. What is the thousands digit of g?
1
Let l = 23900 + 2570. What is the units digit of l?
0
Suppose 0 = -t - 4, 21*q + 5*t - 133770 = 16*q. What is the units digit of q?
8
Let g = -1502 - -1979. What is the hundreds digit of g?
4
Suppose 401093 + 205084 = 13*w - r, 46629 = w + 2*r. What is the tens digit of w?
2
Suppose -z + d = 409, -12*d + 11*d - 2063 = 5*z. Let r = 161 - z. What is the tens digit of r?
7
Suppose 27 = w + 3*b, 103 + 52 = 5*w + 5*b. Suppose w*m + 26 = 35*m. Let i(l) = 6*l + 3. What is the tens digit of i(m)?
8
Suppose 2*l - 5*j + 27 = 0, 22 - 1 = 4*l + 5*j. Let t(g) = -389*g**3 + 6*g**2 + 3*g + 2. What is the hundreds digit of t(l)?
3
What is the units digit of (100/200)/((-1)/(-15482))?
1
Suppose 10*w = 15 + 15. Suppose -3*i = 3*d + w, 4*d + 8 = -0*d. What is the units digit of i?
1
Let h(q) = -q**3 - 6*q**2 + q - 15. Let n be h(-7). Let t be ((-2)/(-3))/(6/n). Suppose 3 + 69 = 3*o + 3*j, -2*o + 43 = t*j. What is the units digit of o?
9
Let z = 44 + -40. Suppose -x + 135 = 3*r, z*r + 0*x - 180 = -4*x. Let w = 20 + r. What is the units digit of w?
5
Suppose 0 = -6*t + 2*t - 2*i - 992, i - 992 = 4*t. Let n = -73 - t. What is the tens digit of n?
7
Let s = 3514 - -7633. What is the hundreds digit of s?
1
Let z(p) be the first derivative of 21*p**2/2 - 30*p + 28. What is the tens digit of z(9)?
5
Let i be (666/24)/((-12)/(-64)). Suppose -102 = -n + i. What is the units digit of n?
0
Suppose 275 = 4*x - 201. Suppose -4*g = -5*g - h + 124, 0 = g + 2*h - x. What is the units digit of g?
9
Let z(v) = -v**3 + 6*v**2 + 6*v - 31. Let l be z(6). Suppose -l*q = t - 97, -3*t - 51 = -3*q - 0*t. What is the units digit of q?
9
Suppose -376*x = -341*x - 575715. What is the units digit of x?
9
Suppose 174*r - 2*g - 21674 = 170*r, 5*r + 3*g = 27087. What is the units digit of r?
8
Suppose 2*h + 4*r = 12, 2 = 5*h - 3*r - 2. Suppose -2*g - g - h*s + 12 = 0, g = -3*s + 11. What is the tens digit of 84 - (g/1)/(4/8)?
8
Suppose -3*d + 14678 = 4092 - 15271. What is the units digit of d?
9
What is the thousands digit of ((-33)/(-77))/(3/(-21)) - (6 + -17051)?
7
What is the tens digit of 22/6 + 468520/390?
0
Let h = 15 + -7. Let z be (-6)/8*1*h. What is the tens digit of ((-72)/(-42))/(z/(-147))?
4
Let x be (0 - 0 - 11) + -2. Let v(t) = -t**3 - 10*t**2 + 21*t + 3. What is 